Does 130 divide 23852?
False
Is 468 a multiple of 13?
True
Is 156 a multiple of 12?
True
Is 2819 even?
False
Does 19 divide 3052?
False
Is 65 a multiple of 8?
False
Is 8 a factor of 800?
True
Is 18 a factor of 2736?
True
Is 16 a factor of 1267?
False
Does 6 divide 601?
False
Is 11 a factor of 18513?
True
Is 42456 a multiple of 29?
True
Does 30 divide 90?
True
Is 29 a factor of 782?
False
Is 4088 a multiple of 26?
False
Does 53 divide 4293?
True
Does 3 divide 1010?
False
Does 5 divide 5445?
True
Does 6 divide 31?
False
Is 18791 a multiple of 19?
True
Does 16 divide 64?
True
Does 4 divide 220?
True
Is 1176 a multiple of 38?
False
Is 91 a factor of 6188?
True
Does 101 divide 26664?
True
Does 73 divide 4867?
False
Is 672 a multiple of 69?
False
Is 1332 a multiple of 12?
True
Is 644 a multiple of 11?
False
Is 42151 a multiple of 39?
False
Is 9630 a multiple of 45?
True
Is 110 a factor of 440?
True
Is 1742 a multiple of 19?
False
Is 61 a factor of 13542?
True
Is 375 a multiple of 15?
True
Is 155 a multiple of 5?
True
Is 11 a factor of 902?
True
Is 5208 a multiple of 31?
True
Does 8 divide 5750?
False
Is 1848 a multiple of 33?
True
Is 46565 a multiple of 67?
True
Is 3296 a multiple of 51?
False
Is 25 a factor of 1050?
True
Does 7 divide 104?
False
Is 938 a multiple of 4?
False
Does 137 divide 2192?
True
Is 59 a factor of 4065?
False
Does 10 divide 18440?
True
Is 33 a factor of 33?
True
Does 212 divide 58936?
True
Is 27 a factor of 1481?
False
Is 25 a factor of 775?
True
Is 40 a factor of 1320?
True
Is 23133 a multiple of 7?
False
Is 72 a factor of 1486?
False
Is 75 a factor of 8925?
True
Is 7 a factor of 2527?
True
Is 39789 a multiple of 24?
False
Is 148670 a multiple of 457?
False
Is 29 a factor of 69542?
True
Is 37 a factor of 13357?
True
Is 2 a factor of 100?
True
Is 9 a factor of 2865?
False
Is 43635 a multiple of 56?
False
Does 31 divide 186?
True
Is 10 a factor of 121020?
True
Does 82 divide 9184?
True
Is 55 a factor of 2025?
False
Is 360 a multiple of 8?
True
Does 15 divide 675?
True
Is 90 a factor of 116730?
True
Is 7 a factor of 59941?
True
Does 181 divide 17919?
True
Is 24 a factor of 15480?
True
Is 5 a factor of 95?
True
Does 13 divide 4910?
False
Does 6 divide 281?
False
Does 22 divide 1219?
False
Is 35 a factor of 28162?
False
Does 13 divide 247?
True
Is 3936 a multiple of 32?
True
Is 2016 a multiple of 12?
True
Is 22010 a multiple of 66?
False
Is 29430 a multiple of 45?
True
Is 88 a factor of 105059?
False
Does 12 divide 386?
False
Does 23 divide 864?
False
Is 50 a factor of 1700?
True
Is 10 a factor of 8160?
True
Is 217 a factor of 25389?
True
Is 23 a factor of 116771?
True
Is 16 a factor of 480?
True
Is 17 a multiple of 17?
True
Is 455 a multiple of 11?
False
Is 12792 a multiple of 13?
True
Is 33120 a multiple of 138?
True
Is 8 a factor of 1132?
False
Does 8 divide 1141?
False
Is 7 a factor of 8281?
True
Is 44 a factor of 1760?
True
Is 1179 a multiple of 87?
False
Does 48 divide 21504?
True
Is 248 a multiple of 62?
True
Is 31744 a multiple of 31?
True
Does 53 divide 318?
True
Is 850 a multiple of 34?
True
Does 5 divide 515?
True
Is 5916 a multiple of 21?
False
Does 44 divide 3608?
True
Is 1720 a multiple of 40?
True
Is 60 a factor of 840?
True
Is 1298 a multiple of 59?
True
Does 14 divide 1113?
False
Does 6 divide 328?
False
Is 21 a factor of 169533?
True
Is 47200 a multiple of 118?
True
Is 278 a multiple of 42?
False
Is 5234 a multiple of 110?
False
Does 6 divide 703?
False
Is 2 a factor of 73?
False
Is 5 a factor of 56?
False
Does 56 divide 53022?
False
Does 36 divide 10055?
False
Is 17124 a multiple of 4?
True
Does 42 divide 550?
False
Does 50 divide 1050?
True
Is 22 a factor of 13741?
False
Is 4 a factor of 185?
False
Is 16 a factor of 42?
False
Is 23445 a multiple of 3?
True
Does 30 divide 151?
False
Is 16116 a multiple of 19?
False
Is 1512 a multiple of 7?
True
Is 32 a factor of 15122?
False
Does 14 divide 7490?
True
Does 15 divide 440?
False
Does 32 divide 9440?
True
Does 18 divide 7622?
False
Does 8 divide 40288?
True
Is 468 a multiple of 39?
True
Does 59 divide 826?
True
Does 18 divide 4626?
True
Does 25 divide 3075?
True
Is 29 a factor of 11832?
True
Does 9 divide 761?
False
Is 6 a factor of 1138?
False
Is 560 a multiple of 8?
True
Does 12 divide 336?
True
Is 13 a factor of 1764?
False
Is 4842 even?
True
Is 122 a multiple of 3?
False
Is 657 a multiple of 24?
False
Does 14 divide 12908?
True
Is 4669 a multiple of 203?
True
Is 9283 a multiple of 8?
False
Is 58 a factor of 406?
True
Does 13 divide 5984?
False
Is 41 a factor of 8651?
True
Does 6 divide 1697?
False
Does 57 divide 8806?
False
Is 123 a factor of 14391?
True
Is 21504 a multiple of 28?
True
Is 9 a factor of 504?
True
Does 5 divide 358?
False
Is 15 a factor of 1905?
True
Is 2 a factor of 419?
False
Does 12 divide 372?
True
Is 5350 a multiple of 78?
False
Does 75 divide 46608?
False
Is 18 a factor of 88?
False
Is 476 a factor of 63216?
False
Does 34 divide 2210?
True
Is 42780 a multiple of 155?
True
Is 99360 a multiple of 460?
True
Does 20 divide 2358?
False
Is 963 a multiple of 8?
False
Does 46 divide 8376?
False
Is 17 a factor of 425?
True
Does 48 divide 1982?
False
Does 89 divide 38024?
False
Is 21 a factor of 3606?
False
Is 221 a factor of 24277?
False
Is 1826 a multiple of 166?
True
Does 15 divide 345?
True
Is 144 a factor of 37296?
True
Does 108 divide 12096?
True
Does 13 divide 910?
True
Is 8 a factor of 9595?
False
Is 4 a factor of 831?
False
Is 129 a multiple of 2?
False
Is 1547 a multiple of 13?
True
Does 152 divide 4560?
True
Does 81 divide 18873?
True
Is 3714 a multiple of 45?
False
Is 94 a multiple of 7?
False
Does 64 divide 448?
True
Is 16 a factor of 448?
True
Is 911 a multiple of 25?
False
Is 5 a factor of 926?
False
Does 57 divide 10203?
True
Is 15 a factor of 313?
False
Does 11 divide 424?
False
Is 11 a factor of 4733?
False
Is 471 a multiple of 7?
False
Is 49455 a multiple of 45?
True
Does 47 divide 18696?
False
Does 117 divide 1404?
True
Does 11 divide 1287?
True
Is 55795 a multiple of 67?
False
Is 21 a factor of 126?
True
Does 15 divide 422?
False
Is 9 a factor of 2652?
False
Does 272 divide 111792?
True
Does 14 divide 438?
False
Does 47 divide 1598?
True
Does 4 divide 4320?
True
Does 32 divide 46688?
True
Does 42 divide 1456?
False
Is 29 a factor of 139206?
False
Is 22 a factor of 93183?
False
Does 41 divide 4920?
True
Is 33 a factor of 46690?
False
Does 63 divide 5165?
False
Is 27 a factor of 11007?
False
Is 88 a multiple of 5?
False
Is 43 a factor of 38979?
False
Does 15 divide 630?
True
Does 26 divide 20386?
False
Is 1339 a multiple of 48?
False
Is 32 a factor of 5300?
False
Does 58 divide 11665?
False
Does 6 divide 864?
True
Does 78 divide 26113?
False
Is 15 a factor of 9415?
False
Does 15 divide 5820?
True
Is 32 a factor of 26149?
False
Does 2 divide 722?
True
Does 8 divide 3293?
False
Is 23 a factor of 1196?
True
Is 17 a factor of 1175?
False
Is 17088 a multiple of 10?
False
Is 65 a factor of 21870?
False
Is 609 a multiple of 87?
True
Is 93925 a multiple of 13?
True
Is 185 a factor of 22755?
True
Is 2967 a multiple of 69?
True
Does 26 divide 8528?
True
Is 68306 a multiple of 182?
False
Does 11 divide 3465?
True
Is 59334 a multiple of 93?
True
Is 16 a factor of 1162?
False
Is 8 a factor of 31440?
True
Does 47 divide 87?
False
Is 40 a factor of 360?
True
Is 4050 a multiple of 3?
True
Is 18216 a multiple of 24?
True
Does 31 divide 3517?
False
Is 40 a factor of 5491?
False
Does 64 divide 28932?
False
Is 14765 a multiple of 77?
False
Is 2347 a multiple of 6?
False
Is 50160 a multiple of 48?
True
Is 610 a multiple of 61?
True
Is 10 a factor of 8980?
True
Does 6 divide 90?
True
Is 240 a multiple of 20?
True
Is 9 a factor of 42?
False
Is 15 a factor of 535?
False
Is 2985 a multiple of 3?
True
Is 88 a factor of 2757?
False
Does 60 divide 6200?
False
Is 84 a factor of 7056?
True
Does 333 divide 12987?
True
Is 1368 a multiple of 18?
True
Is 1933 even?
False
Does 3 divide 756?
True
Is 3740 a multiple of 17?
True
Is 41650 a multiple of 52?
False
Is 4 a factor of 475?
False
Does 24 divide 2438?
False
Does 6 divide 19363?
False
Is 69 a factor of 5170?
False
Does 256 divide 2560?
True
Is 15 a factor of 5435?
False
Is 9 a factor of 9108?
True
Is 4464 a 